Dec 03 06:37:49.182 INFO testing grapple-0.3.1 against master#8940af3cea4a9a9deabcaf843b2f8cad9a83fc61 for beta-1.31-5
Dec 03 06:37:49.182 INFO running `"docker" "create" "-v" "/mnt/big/crater/work/local/target-dirs/beta-1.31-5/worker-1/master#8940af3cea4a9a9deabcaf843b2f8cad9a83fc61:/target:rw,Z" "-v" "/mnt/big/crater/work/local/test-source/worker-1/beta-1.31-5/master#8940af3cea4a9a9deabcaf843b2f8cad9a83fc61:/source:ro,Z" "-v" "/mnt/big/crater/work/local/cargo-home:/cargo-home:ro,Z" "-v" "/mnt/big/crater/work/local/rustup-home:/rustup-home:ro,Z" "-e" "USER_ID=1000" "-e" "SOURCE_DIR=/source" "-e" "USER_ID=1000" "-e" "CMD=cargo +8940af3cea4a9a9deabcaf843b2f8cad9a83fc61-alt build --frozen" "-e" "CARGO_TARGET_DIR=/target" "-e" "CARGO_INCREMENTAL=0" "-e" "RUST_BACKTRACE=full" "-e" "RUSTFLAGS=--cap-lints=warn" "-e" "CARGO_HOME=/cargo-home" "-e" "RUSTUP_HOME=/rustup-home" "-m" "1536M" "--network" "none" "crater"`
Dec 03 06:37:49.347 INFO [stdout] 7cbd5a4eb130f3419ee1bfa876b02dd62d0ba8f82c9dd8c2a4969ea95e54779b
Dec 03 06:37:49.349 INFO running `"docker" "start" "-a" "7cbd5a4eb130f3419ee1bfa876b02dd62d0ba8f82c9dd8c2a4969ea95e54779b"`
Dec 03 06:37:49.976 INFO [stderr] usermod: no changes
Dec 03 06:37:50.255 INFO [stderr]    Compiling crossbeam-epoch v0.6.1
Dec 03 06:37:50.255 INFO [stderr]    Compiling openssl v0.9.24
Dec 03 06:37:50.258 INFO [stderr]    Compiling tokio-reactor v0.1.7
Dec 03 06:37:51.788 INFO [stderr]    Compiling crossbeam-deque v0.6.2
Dec 03 06:37:53.815 INFO [stderr]    Compiling tokio-threadpool v0.1.9
Dec 03 06:37:55.739 INFO [stderr]    Compiling tokio-udp v0.1.3
Dec 03 06:37:55.739 INFO [stderr]    Compiling tokio-uds v0.2.4
Dec 03 06:37:55.739 INFO [stderr]    Compiling tokio-tcp v0.1.2
Dec 03 06:38:05.208 INFO [stderr]    Compiling native-tls v0.1.5
Dec 03 06:38:09.167 INFO [stderr]    Compiling tokio-fs v0.1.4
Dec 03 06:38:11.991 INFO [stderr]    Compiling tokio v0.1.13
Dec 03 06:38:16.395 INFO [stderr]    Compiling tokio-core v0.1.17
Dec 03 06:38:21.359 INFO [stderr]    Compiling tokio-tls v0.1.4
Dec 03 06:38:21.359 INFO [stderr]    Compiling hyper v0.11.27
Dec 03 06:38:32.599 INFO [stderr]    Compiling hyper-tls v0.1.4
Dec 03 06:38:37.601 INFO [stderr]    Compiling reqwest v0.8.8
Dec 03 06:38:49.351 INFO [stderr]    Compiling grapple v0.3.1 (/source)
Dec 03 06:39:04.059 INFO [stderr]     Finished dev [unoptimized + debuginfo] target(s) in 1m 14s
Dec 03 06:39:04.073 INFO [stderr] su: No module specific data is present
Dec 03 06:39:05.492 INFO running `"docker" "inspect" "7cbd5a4eb130f3419ee1bfa876b02dd62d0ba8f82c9dd8c2a4969ea95e54779b"`
Dec 03 06:39:05.863 INFO running `"docker" "rm" "-f" "7cbd5a4eb130f3419ee1bfa876b02dd62d0ba8f82c9dd8c2a4969ea95e54779b"`
Dec 03 06:39:06.263 INFO [stdout] 7cbd5a4eb130f3419ee1bfa876b02dd62d0ba8f82c9dd8c2a4969ea95e54779b
Dec 03 06:39:06.271 INFO running `"docker" "create" "-v" "/mnt/big/crater/work/local/target-dirs/beta-1.31-5/worker-1/master#8940af3cea4a9a9deabcaf843b2f8cad9a83fc61:/target:rw,Z" "-v" "/mnt/big/crater/work/local/test-source/worker-1/beta-1.31-5/master#8940af3cea4a9a9deabcaf843b2f8cad9a83fc61:/source:ro,Z" "-v" "/mnt/big/crater/work/local/cargo-home:/cargo-home:ro,Z" "-v" "/mnt/big/crater/work/local/rustup-home:/rustup-home:ro,Z" "-e" "USER_ID=1000" "-e" "SOURCE_DIR=/source" "-e" "USER_ID=1000" "-e" "CMD=cargo +8940af3cea4a9a9deabcaf843b2f8cad9a83fc61-alt test --frozen --no-run" "-e" "CARGO_TARGET_DIR=/target" "-e" "CARGO_INCREMENTAL=0" "-e" "RUST_BACKTRACE=full" "-e" "RUSTFLAGS=--cap-lints=warn" "-e" "CARGO_HOME=/cargo-home" "-e" "RUSTUP_HOME=/rustup-home" "-m" "1536M" "--network" "none" "crater"`
Dec 03 06:39:06.822 INFO [stdout] a614967f1ef7cfdf5bad5c73a3751c7a0fe76bee1a49c11f1faf78be0ffa561b
Dec 03 06:39:06.824 INFO running `"docker" "start" "-a" "a614967f1ef7cfdf5bad5c73a3751c7a0fe76bee1a49c11f1faf78be0ffa561b"`
Dec 03 06:39:09.057 INFO [stderr] usermod: no changes
Dec 03 06:39:09.355 INFO [stderr]    Compiling grapple v0.3.1 (/source)
Dec 03 06:39:22.101 INFO [stderr]     Finished dev [unoptimized + debuginfo] target(s) in 13.01s
Dec 03 06:39:22.129 INFO [stderr] su: No module specific data is present
Dec 03 06:39:23.135 INFO running `"docker" "inspect" "a614967f1ef7cfdf5bad5c73a3751c7a0fe76bee1a49c11f1faf78be0ffa561b"`
Dec 03 06:39:23.561 INFO running `"docker" "rm" "-f" "a614967f1ef7cfdf5bad5c73a3751c7a0fe76bee1a49c11f1faf78be0ffa561b"`
Dec 03 06:39:23.911 INFO [stdout] a614967f1ef7cfdf5bad5c73a3751c7a0fe76bee1a49c11f1faf78be0ffa561b
Dec 03 06:39:23.919 INFO running `"docker" "create" "-v" "/mnt/big/crater/work/local/target-dirs/beta-1.31-5/worker-1/master#8940af3cea4a9a9deabcaf843b2f8cad9a83fc61:/target:rw,Z" "-v" "/mnt/big/crater/work/local/test-source/worker-1/beta-1.31-5/master#8940af3cea4a9a9deabcaf843b2f8cad9a83fc61:/source:ro,Z" "-v" "/mnt/big/crater/work/local/cargo-home:/cargo-home:ro,Z" "-v" "/mnt/big/crater/work/local/rustup-home:/rustup-home:ro,Z" "-e" "USER_ID=1000" "-e" "SOURCE_DIR=/source" "-e" "USER_ID=1000" "-e" "CMD=cargo +8940af3cea4a9a9deabcaf843b2f8cad9a83fc61-alt test --frozen" "-e" "CARGO_TARGET_DIR=/target" "-e" "CARGO_INCREMENTAL=0" "-e" "RUST_BACKTRACE=full" "-e" "RUSTFLAGS=--cap-lints=warn" "-e" "CARGO_HOME=/cargo-home" "-e" "RUSTUP_HOME=/rustup-home" "-m" "1536M" "--network" "none" "crater"`
Dec 03 06:39:24.382 INFO [stdout] 7b90121a4c9e8cd2e067f6faa2cf8abbc1a8caf0675019038d54bf08cf7b340d
Dec 03 06:39:24.384 INFO running `"docker" "start" "-a" "7b90121a4c9e8cd2e067f6faa2cf8abbc1a8caf0675019038d54bf08cf7b340d"`
Dec 03 06:39:26.060 INFO [stderr] usermod: no changes
Dec 03 06:39:26.362 INFO [stderr]     Finished dev [unoptimized + debuginfo] target(s) in 0.28s
Dec 03 06:39:26.373 INFO [stderr]      Running /target/debug/deps/grapple-e177a38812c6f039
Dec 03 06:39:26.378 INFO [stdout] 
Dec 03 06:39:26.378 INFO [stdout] running 9 tests
Dec 03 06:39:26.432 INFO [stdout] test request_helper::tests::decode_get_last_url_segment_decoded ... ok
Dec 03 06:39:26.434 INFO [stdout] test request_helper::tests::basic_get_last_url_segment_decoded ... ok
Dec 03 06:39:26.435 INFO [stdout] test request_helper::tests::override_username_password_blank_auth ... ok
Dec 03 06:39:26.435 INFO [stdout] test request_helper::tests::override_username_password_existing_auth ... ok
Dec 03 06:39:26.436 INFO [stdout] test request_helper::tests::query_string_get_last_url_segment_decoded ... ok
Dec 03 06:39:26.593 INFO [stdout] test auth_helper::tests::test_wrong_url_error ... ok
Dec 03 06:39:26.673 INFO [stdout] test auth_helper::tests::test_digest_auth_no_method ... ok
Dec 03 06:39:26.728 INFO [stdout] test auth_helper::tests::test_digest_auth_works ... FAILED
Dec 03 06:39:26.728 INFO [stdout] test auth_helper::tests::test_basic_auth_works ... FAILED
Dec 03 06:39:26.728 INFO [stdout] 
Dec 03 06:39:26.728 INFO [stdout] failures:
Dec 03 06:39:26.729 INFO [stdout] 
Dec 03 06:39:26.729 INFO [stdout] ---- auth_helper::tests::test_digest_auth_works stdout ----
Dec 03 06:39:26.729 INFO [stdout] thread 'auth_helper::tests::test_digest_auth_works' panicked at 'assertion failed: `(left == right)`
Dec 03 06:39:26.729 INFO [stdout]   left: `false`,
Dec 03 06:39:26.729 INFO [stdout]  right: `true`', src/auth_helper.rs:219:9
Dec 03 06:39:26.729 INFO [stdout] stack backtrace:
Dec 03 06:39:26.729 INFO [stdout]    0:     0x55b0472a4d6f - std::sys::unix::backtrace::tracing::imp::unwind_backtrace::h3a8b83e1922cbdde
Dec 03 06:39:26.729 INFO [stdout]                                at libstd/sys/unix/backtrace/tracing/gcc_s.rs:49
Dec 03 06:39:26.729 INFO [stdout]    1:     0x55b0472ae617 - std::sys_common::backtrace::print::h00d3155a29b4020f
Dec 03 06:39:26.729 INFO [stdout]                                at libstd/sys_common/backtrace.rs:71
Dec 03 06:39:26.729 INFO [stdout]                                at libstd/sys_common/backtrace.rs:59
Dec 03 06:39:26.729 INFO [stdout]    2:     0x55b0472a90ef - std::panicking::default_hook::{{closure}}::hd7465c742e79e1bb
Dec 03 06:39:26.729 INFO [stdout]                                at libstd/panicking.rs:211
Dec 03 06:39:26.729 INFO [stdout]    3:     0x55b0472a8dee - std::panicking::default_hook::h9e3966f2aa2a6e12
Dec 03 06:39:26.729 INFO [stdout]                                at libstd/panicking.rs:221
Dec 03 06:39:26.729 INFO [stdout]    4:     0x55b0472a97ce - std::panicking::rust_panic_with_hook::h587f091ae747d080
Dec 03 06:39:26.729 INFO [stdout]                                at libstd/panicking.rs:476
Dec 03 06:39:26.729 INFO [stdout]    5:     0x55b0472a9371 - std::panicking::continue_panic_fmt::hb3a4fdede87f43a8
Dec 03 06:39:26.729 INFO [stdout]                                at libstd/panicking.rs:390
Dec 03 06:39:26.729 INFO [stdout]    6:     0x55b0472a92be - std::panicking::begin_panic_fmt::h387afc7da9a10555
Dec 03 06:39:26.729 INFO [stdout]                                at libstd/panicking.rs:345
Dec 03 06:39:26.729 INFO [stdout]    7:     0x55b046e4f75b - grapple::auth_helper::tests::test_digest_auth_works::h5a88db4527eafb3e
Dec 03 06:39:26.729 INFO [stdout]                                at src/auth_helper.rs:219
Dec 03 06:39:26.729 INFO [stdout]    8:     0x55b046e4f3a9 - grapple::auth_helper::tests::test_digest_auth_works::{{closure}}::h07d12eb11275ca1a
Dec 03 06:39:26.729 INFO [stdout]                                at src/auth_helper.rs:212
Dec 03 06:39:26.729 INFO [stdout]    9:     0x55b046e50dbd - core::ops::function::FnOnce::call_once::h1aeab94faae77d0f
Dec 03 06:39:26.729 INFO [stdout]                                at libcore/ops/function.rs:238
Dec 03 06:39:26.729 INFO [stdout]   10:     0x55b046e59f8e - <F as alloc::boxed::FnBox<A>>::call_box::hac903f91577a156c
Dec 03 06:39:26.729 INFO [stdout]                                at libtest/lib.rs:1468
Dec 03 06:39:26.729 INFO [stdout]                                at libcore/ops/function.rs:238
Dec 03 06:39:26.729 INFO [stdout]                                at liballoc/boxed.rs:672
Dec 03 06:39:26.729 INFO [stdout]   11:     0x55b0472b95c9 - __rust_maybe_catch_panic
Dec 03 06:39:26.729 INFO [stdout]                                at libpanic_unwind/lib.rs:102
Dec 03 06:39:26.729 INFO [stdout]   12:     0x55b046e7bbe2 - std::sys_common::backtrace::__rust_begin_short_backtrace::hb8f0d0309526c184
Dec 03 06:39:26.729 INFO [stdout]                                at libstd/panicking.rs:289
Dec 03 06:39:26.729 INFO [stdout]                                at libstd/panic.rs:392
Dec 03 06:39:26.729 INFO [stdout]                                at libtest/lib.rs:1423
Dec 03 06:39:26.729 INFO [stdout]                                at libstd/sys_common/backtrace.rs:136
Dec 03 06:39:26.729 INFO [stdout]   13:     0x55b046e7c694 - std::panicking::try::do_call::hc2f7c8b9a348d8db
Dec 03 06:39:26.729 INFO [stdout]                                at libstd/thread/mod.rs:409
Dec 03 06:39:26.729 INFO [stdout]                                at libstd/panic.rs:313
Dec 03 06:39:26.729 INFO [stdout]                                at libstd/panicking.rs:310
Dec 03 06:39:26.729 INFO [stdout]   14:     0x55b0472b95c9 - __rust_maybe_catch_panic
Dec 03 06:39:26.729 INFO [stdout]                                at libpanic_unwind/lib.rs:102
Dec 03 06:39:26.729 INFO [stdout]   15:     0x55b046e698cc - <F as alloc::boxed::FnBox<A>>::call_box::h6bfded618e480b32
Dec 03 06:39:26.729 INFO [stdout]                                at libstd/panicking.rs:289
Dec 03 06:39:26.729 INFO [stdout]                                at libstd/panic.rs:392
Dec 03 06:39:26.729 INFO [stdout]                                at libstd/thread/mod.rs:408
Dec 03 06:39:26.729 INFO [stdout]                                at liballoc/boxed.rs:672
Dec 03 06:39:26.729 INFO [stdout]   16:     0x55b0472a6ddd - std::sys_common::thread::start_thread::h4c28257d67cdf9cb
Dec 03 06:39:26.729 INFO [stdout]                                at liballoc/boxed.rs:682
Dec 03 06:39:26.729 INFO [stdout]                                at libstd/sys_common/thread.rs:24
Dec 03 06:39:26.729 INFO [stdout]   17:     0x55b0472992f5 - std::sys::unix::thread::Thread::new::thread_start::hfecb2e7eff8fd34f
Dec 03 06:39:26.729 INFO [stdout]                                at libstd/sys/unix/thread.rs:90
Dec 03 06:39:26.729 INFO [stdout]   18:     0x7f96eff1e6b9 - start_thread
Dec 03 06:39:26.729 INFO [stdout]   19:     0x7f96efa3e41c - clone
Dec 03 06:39:26.729 INFO [stdout]   20:                0x0 - <unknown>
Dec 03 06:39:26.729 INFO [stdout] 
Dec 03 06:39:26.729 INFO [stdout] ---- auth_helper::tests::test_basic_auth_works stdout ----
Dec 03 06:39:26.729 INFO [stdout] thread 'auth_helper::tests::test_basic_auth_works' panicked at 'assertion failed: `(left == right)`
Dec 03 06:39:26.729 INFO [stdout]   left: `false`,
Dec 03 06:39:26.729 INFO [stdout]  right: `true`', src/auth_helper.rs:208:9
Dec 03 06:39:26.729 INFO [stdout] stack backtrace:
Dec 03 06:39:26.729 INFO [stdout]    0:     0x55b0472a4d6f - std::sys::unix::backtrace::tracing::imp::unwind_backtrace::h3a8b83e1922cbdde
Dec 03 06:39:26.729 INFO [stdout]                                at libstd/sys/unix/backtrace/tracing/gcc_s.rs:49
Dec 03 06:39:26.729 INFO [stdout]    1:     0x55b0472ae617 - std::sys_common::backtrace::print::h00d3155a29b4020f
Dec 03 06:39:26.729 INFO [stdout]                                at libstd/sys_common/backtrace.rs:71
Dec 03 06:39:26.729 INFO [stdout]                                at libstd/sys_common/backtrace.rs:59
Dec 03 06:39:26.729 INFO [stdout]    2:     0x55b0472a90ef - std::panicking::default_hook::{{closure}}::hd7465c742e79e1bb
Dec 03 06:39:26.729 INFO [stdout]                                at libstd/panicking.rs:211
Dec 03 06:39:26.729 INFO [stdout]    3:     0x55b0472a8dee - std::panicking::default_hook::h9e3966f2aa2a6e12
Dec 03 06:39:26.729 INFO [stdout]                                at libstd/panicking.rs:221
Dec 03 06:39:26.729 INFO [stdout]    4:     0x55b0472a97ce - std::panicking::rust_panic_with_hook::h587f091ae747d080
Dec 03 06:39:26.729 INFO [stdout]                                at libstd/panicking.rs:476
Dec 03 06:39:26.729 INFO [stdout]    5:     0x55b0472a9371 - std::panicking::continue_panic_fmt::hb3a4fdede87f43a8
Dec 03 06:39:26.729 INFO [stdout]                                at libstd/panicking.rs:390
Dec 03 06:39:26.729 INFO [stdout]    6:     0x55b0472a92be - std::panicking::begin_panic_fmt::h387afc7da9a10555
Dec 03 06:39:26.729 INFO [stdout]                                at libstd/panicking.rs:345
Dec 03 06:39:26.729 INFO [stdout]    7:     0x55b046e4f2d4 - grapple::auth_helper::tests::test_basic_auth_works::he4579c8d2ee6a069
Dec 03 06:39:26.730 INFO [stdout]                                at src/auth_helper.rs:208
Dec 03 06:39:26.730 INFO [stdout]    8:     0x55b046e4ef79 - grapple::auth_helper::tests::test_basic_auth_works::{{closure}}::hfa4e3e617a2d8fda
Dec 03 06:39:26.730 INFO [stdout]                                at src/auth_helper.rs:201
Dec 03 06:39:26.730 INFO [stdout]    9:     0x55b046e50f8d - core::ops::function::FnOnce::call_once::hbdfb58dc17200f77
Dec 03 06:39:26.730 INFO [stdout]                                at libcore/ops/function.rs:238
Dec 03 06:39:26.730 INFO [stdout]   10:     0x55b046e59f8e - <F as alloc::boxed::FnBox<A>>::call_box::hac903f91577a156c
Dec 03 06:39:26.730 INFO [stdout]                                at libtest/lib.rs:1468
Dec 03 06:39:26.730 INFO [stdout]                                at libcore/ops/function.rs:238
Dec 03 06:39:26.730 INFO [stdout]                                at liballoc/boxed.rs:672
Dec 03 06:39:26.730 INFO [stdout]   11:     0x55b0472b95c9 - __rust_maybe_catch_panic
Dec 03 06:39:26.730 INFO [stdout]                                at libpanic_unwind/lib.rs:102
Dec 03 06:39:26.730 INFO [stdout]   12:     0x55b046e7bbe2 - std::sys_common::backtrace::__rust_begin_short_backtrace::hb8f0d0309526c184
Dec 03 06:39:26.730 INFO [stdout]                                at libstd/panicking.rs:289
Dec 03 06:39:26.730 INFO [stdout]                                at libstd/panic.rs:392
Dec 03 06:39:26.730 INFO [stdout]                                at libtest/lib.rs:1423
Dec 03 06:39:26.730 INFO [stdout]                                at libstd/sys_common/backtrace.rs:136
Dec 03 06:39:26.730 INFO [stdout]   13:     0x55b046e7c694 - std::panicking::try::do_call::hc2f7c8b9a348d8db
Dec 03 06:39:26.730 INFO [stdout]                                at libstd/thread/mod.rs:409
Dec 03 06:39:26.730 INFO [stdout]                                at libstd/panic.rs:313
Dec 03 06:39:26.730 INFO [stdout]                                at libstd/panicking.rs:310
Dec 03 06:39:26.730 INFO [stdout]   14:     0x55b0472b95c9 - __rust_maybe_catch_panic
Dec 03 06:39:26.730 INFO [stdout]                                at libpanic_unwind/lib.rs:102
Dec 03 06:39:26.730 INFO [stdout]   15:     0x55b046e698cc - <F as alloc::boxed::FnBox<A>>::call_box::h6bfded618e480b32
Dec 03 06:39:26.730 INFO [stdout]                                at libstd/panicking.rs:289
Dec 03 06:39:26.730 INFO [stdout]                                at libstd/panic.rs:392
Dec 03 06:39:26.730 INFO [stdout]                                at libstd/thread/mod.rs:408
Dec 03 06:39:26.730 INFO [stdout]                                at liballoc/boxed.rs:672
Dec 03 06:39:26.730 INFO [stdout]   16:     0x55b0472a6ddd - std::sys_common::thread::start_thread::h4c28257d67cdf9cb
Dec 03 06:39:26.730 INFO [stdout]                                at liballoc/boxed.rs:682
Dec 03 06:39:26.730 INFO [stdout]                                at libstd/sys_common/thread.rs:24
Dec 03 06:39:26.730 INFO [stdout]   17:     0x55b0472992f5 - std::sys::unix::thread::Thread::new::thread_start::hfecb2e7eff8fd34f
Dec 03 06:39:26.730 INFO [stdout]                                at libstd/sys/unix/thread.rs:90
Dec 03 06:39:26.730 INFO [stdout]   18:     0x7f96eff1e6b9 - start_thread
Dec 03 06:39:26.730 INFO [stdout]   19:     0x7f96efa3e41c - clone
Dec 03 06:39:26.730 INFO [stdout]   20:                0x0 - <unknown>
Dec 03 06:39:26.730 INFO [stdout] 
Dec 03 06:39:26.730 INFO [stdout] 
Dec 03 06:39:26.730 INFO [stdout] failures:
Dec 03 06:39:26.730 INFO [stdout]     auth_helper::tests::test_basic_auth_works
Dec 03 06:39:26.730 INFO [stdout]     auth_helper::tests::test_digest_auth_works
Dec 03 06:39:26.730 INFO [stdout] 
Dec 03 06:39:26.730 INFO [stdout] test result: FAILED. 7 passed; 2 failed; 0 ignored; 0 measured; 0 filtered out
Dec 03 06:39:26.730 INFO [stdout] 
Dec 03 06:39:26.735 INFO [stderr] error: test failed, to rerun pass '--bin grapple'
Dec 03 06:39:26.737 INFO [stderr] su: No module specific data is present
Dec 03 06:39:28.214 INFO running `"docker" "inspect" "7b90121a4c9e8cd2e067f6faa2cf8abbc1a8caf0675019038d54bf08cf7b340d"`
Dec 03 06:39:28.559 INFO running `"docker" "rm" "-f" "7b90121a4c9e8cd2e067f6faa2cf8abbc1a8caf0675019038d54bf08cf7b340d"`
Dec 03 06:39:28.855 INFO [stdout] 7b90121a4c9e8cd2e067f6faa2cf8abbc1a8caf0675019038d54bf08cf7b340d
